 Suppose 210 = b*t - 135. What is the remainder when t is divided by (3*(-12)/20)/((-6)/80)?
21
Suppose -3*w + 55 = -4*o, -7*w + 2*w = -3*o - 77. Suppose 3*h - 18 = -4*m + 180, h = -5*m + 77. What is the remainder when h is divided by w?
10
Let m = 1093 + -896. Calculate the remainder when m is divided by 34.
27
Let s = 2394 - 2357. Suppose 5 = -3*l - 2*b + 213, 5*l - 354 = 4*b. What is the remainder when l is divided by s?
33
Suppose 7*g - 221 + 60 = 0. Let j(a) = -a**3 + 4*a**2 + 3. Calculate the remainder when g is divided by j(3).
11
Let o be (2/3*-3)/(2/7). Suppose 0 = 2*q + 4*g - 6*g - 48, q - 20 = 5*g. Calculate the remainder when q is divided by (-1)/o - (-144)/21.
4
Let b(o) = o**3 + 17*o**2 - 18*o - 2. Let j be b(-18). Let g be -1*((43 - j) + -3). Let n = -30 - g. What is the remainder when 47 is divided by n?
11
Suppose -29 = -6*b + 5*b + 3*i, 0 = -2*b + 2*i + 74. Calculate the remainder when 284 is divided by b.
38
Let y = -230 + 376. Suppose 3*q + 4*u = 135, -8*q + 4*q + 2*u = -202. Calculate the remainder when y is divided by q.
48
Let s be ((-4)/12 - 0)*0. Let a(o) = o**3 + 5*o**2 - 3*o - 2. Let u be a(-3). Calculate the remainder when 74 is divided by u*(s/3 - -1).
24
What is the remainder when 2 + -4 - (4 + -98*4) is divided by 86?
42
Let h(v) = v**3 - 8*v**2 + 2. Let c be h(8). Suppose 7*g - 3 - 95 = 0. What is the remainder when g is divided by c - ((-3)/(-3) - 7)?
6
Let j(u) = -9*u - 18. Let a be j(-2). Let n = 207 + -73. Suppose -3*z + 225 = -0*z + 3*r, a = 2*z - 2*r - n. Calculate the remainder when z is divided by 18.
17
Let j = -1144 - -1377. What is the remainder when j is divided by 60?
53
What is the remainder when ((9/2)/(-3))/(156/(-6864)) is divided by 23?
20
Let f = -3 - -7. Suppose -4*j + f*r + 88 = 0, 4*r + 2 = -18. Calculate the remainder when -4*(-1)/(5/40) is divided by j.
15
Let m be (392/35)/(1/(-5)). Let s be ((-6)/16)/(7/m). Suppose -6*f = -s*f - 63. Calculate the remainder when f is divided by 11.
10
Suppose 5*k = -0*k + 25. Suppose -3*j + 36 = -12. Suppose -3*a + j = -8. What is the remainder when a is divided by k?
3
Let f be (-1)/(-7) - (-10724)/49. Let c = f - 87. Calculate the remainder when c is divided by 45.
42
Suppose 4*u + 2*u - 18 = 0. Suppose -5*s + 615 = -u*b - 85, -5*s = -2*b - 705. Calculate the remainder when s is divided by 29.
27
Let u = -1180 + 1409. Calculate the remainder when u is divided by 30.
19
Suppose -4*a + a = -t + 19, 10 = -5*a. Let d(k) = k**3 - 9*k**2 - 3*k - 2. Let i be d(11). Let q = i + -117. Calculate the remainder when q is divided by t.
12
Suppose 9*v + 5*p - 30 = 4*v, -4*v + 3*p = -45. Calculate the remainder when 727 is divided by v.
7
Suppose -3*f - 4*s - 22 = 2*f, 2*s = 2*f - 2. Calculate the remainder when (-3 - 0/f)*-1 is divided by (-39)/(-15) - (-9)/(-15).
1
Suppose 0 = -4*t + 4, 6*j - t - 41 = 3*j. What is the remainder when j is divided by -20 - -30 - 3/3?
5
Let l = 5 + -8. Suppose -30*c + 663 = 153. Calculate the remainder when (33/4)/(l/(-12)) is divided by c.
16
Suppose 2*o - 40 - 192 = 0. What is the remainder when 450 is divided by o?
102
Let i(v) = 2*v**2 - 12*v + 10. What is the remainder when 44 is divided by i(7)?
20
Let a(t) = 11*t**3 + 3*t**2 - 5*t - 9. Calculate the remainder when 156 is divided by a(2).
75
Calculate the remainder when (-2)/(-11) - 757/(-11) is divided by 7.
6
Let a be 2 - 0 - (-4 - -1). Suppose -12 = -a*v + v. Calculate the remainder when ((-6)/(-1))/v*26 is divided by 18.
16
Suppose -4*y - 166 = -5*a, -a - 3*y = 3*a - 139. Calculate the remainder when a is divided by 14.
6
Suppose -2*b - 21 = i + 15, -3*b = -i - 21. Suppose d - 5*c = -c + 44, 0 = 5*c + 20. What is the remainder when d is divided by -30*(-3 - i/12)?
13
Let s(q) = -q + 4. Let r be s(-3). Let g = r - 5. Let n(t) = t. What is the remainder when n(5) is divided by g?
1
Suppose -99 = -p - 36. Calculate the remainder when p is divided by (-176)/(-12)*(-9)/(-6).
19
Suppose -46*s + 632 = -242. Suppose 5*t + p - 51 = 0, -12 = -2*t - 3*p - 2. Calculate the remainder when s is divided by t.
8
Suppose -4*x - 41 + 37 = 0. Calculate the remainder when 3/(6/44) + (-2)/x is divided by 13.
11
Calculate the remainder when 556 is divided by 8970/161 - (-8)/28.
52
Suppose q - 1 - 1 = 0. What is the remainder when q*3/(-15)*-195 is divided by 1 + 27 + 1/(-1)?
24
Suppose 0 = 3*u - 2*u - 14. Suppose -4*d + 142 = -2*d + 4*f, 2*f = 4. Calculate the remainder when d is divided by u.
11
Suppose -13*s = -8*s - 205. What is the remainder when s is divided by 40?
1
Let g(m) = 3*m + 4. Let v be g(3). Let o = v - 9. Let r = -22324 - -22339. What is the remainder when r is divided by o?
3
Suppose m = 5*i - 73, 4*i - 19 = -5*m + 22. Calculate the remainder when 880 is divided by i.
12
Let p(o) = -2*o + 2. Let f be p(0). Suppose f*k + 3*k = 35. Suppose w = 2*w + 3*s - 20, 5*s = -2*w + 40. What is the remainder when w is divided by k?
6
Suppose -45*b + 46*b = 99. What is the remainder when b is divided by 50?
49
Suppose r + 4*m = 24 + 35, 5*r - 257 = -m. Let f = r + -40. Calculate the remainder when 41 is divided by f.
8
Suppose -277 + 67 = -21*y. Calculate the remainder when 199 is divided by y.
9
Let a = 373 + -194. What is the remainder when a is divided by 26?
23
Let z(v) = -v**3 - 3*v**2 - 3*v. Let c be z(-2). Suppose -q - 31 = -c*q. Let f = 20 + -12. Calculate the remainder when q is divided by f.
7
Suppose 10*l - 5*l = 185. Let g = 2580 + -2397. What is the remainder when g is divided by l?
35
Let h = 28 + -19. Calculate the remainder when 12 is divided by h*((-114)/(-27) + -4).
0
Let z(g) = -2*g**3 - 3*g**2 - g - 3. Suppose 5*o - 16*c - 37 = -17*c, 5*c = -4*o + 38. What is the remainder when z(-3) is divided by o?
6
Suppose 17 = -5*n + 2*z, 5*n - 3*z + 5 = 2*z. Calculate the remainder when (6 + n)/((-1)/(-10)) is divided by 4.
2
Suppose -14*u + 4*u = 16580. Calculate the remainder when u/(-14) + (12/7)/(-4) is divided by (-176)/(-6) - 4/(-6).
28
Suppose -r + 94 = 2*y + 2*r, 0 = y + 4*r - 52. What is the remainder when 123 is divided by y?
35
Suppose 2*u + 25 = 3*t, 2*u - 3 = 5. Let q be (-156)/18 - 2/6. Calculate the remainder when 22 - q - (2 - 2) is divided by t.
9
Let v = -1175 - -1663. Suppose -4*o = 4*o - v. What is the remainder when o is divided by 9?
7
Let k = 186 + -174. What is the remainder when 42 is divided by k?
6
Suppose -b - 39 = 10. Let w = -46 - b. What is the remainder when 11 is divided by w?
2
Let r = 16 + -11. Let s = -3 + r. Suppose 19 - 61 = -s*u. Calculate the remainder when 83 is divided by u.
20
Let o(k) = -k**3 + 21*k**2 + 10. What is the remainder when 57 is divided by o(21)?
7
Suppose -23*c = -1794 + 552. Calculate the remainder when 97 is divided by c.
43
Let q = 23 + -15. Suppose -2*y - y + 24 = 0. Let m = -5 + y. What is the remainder when q is divided by m?
2
Suppose -11 = 2*q - 35. Suppose -t + q + 24 = 5*w, 0 = -2*t + w + 72. What is the remainder when t is divided by (-3483)/(-189) - (-4)/7?
17
Suppose -169 = 5*t - 219. Calculate the remainder when 15 is divided by t.
5
Let l = -21 + 25. Suppose 3*r - 2*b = 82, -l*b - 36 = -2*r + 8. Calculate the remainder when r is divided by 12.
6
Let b(k) = -2*k**2 + 7*k - 1. Let i be b(3). Suppose i*x - 5*x = -5*h + 255, h - 39 = 3*x. What is the remainder when h is divided by 8?
6
Let m(h) = 3*h + 23. Let r be ((14/6)/1)/((-28)/84). What is the remainder when 6 is divided by m(r)?
0
Suppose 52*l - 8308 = -10*l. Calculate the remainder when l is divided by 9.
8
Let x(q) = -7*q**3 - 16*q**2 + 12*q - 11. Let d(w) = w**3 + w**2 - w. Let l(v) = 6*d(v) + x(v). What is the remainder when l(-11) is divided by 23?
21
Suppose -991 = -12*m + 1325. What is the remainder when m is divided by 96?
1
Let d(q) = q - 1. Suppose -y + 8 = -0*y. Let j be d(y). What is the remainder when 13 is divided by (84/j)/(3/2)?
5
Calculate the remainder when 874/8 - 180/(-240) is divided by 24.
14
Suppose -2*h + 0*h + 4*v + 66 = 0, -4*h + 99 = 3*v. Suppose 0 = 5*k - k - 428. Calculate the remainder when k is divided by h.
26
Let c = -8 + 14. Suppose 5*r + 5 = 4*g, -2*r + 2*g - 4 = -0*g. What is the remainder when ((-144)/(-54))/(1/r) is divided by c?
2
Let w be 50/8 + (-3)/12. Suppose w*m - 12 = 36. Calculate the remainder when 13 is divid